on factor of 35 and 1880843720?
35
Calculate the highest common divisor of 63 and 1528330482.
63
What is the highest common factor of 48108366 and 24?
6
Calculate the highest common divisor of 728 and 10550358.
182
Calculate the greatest common factor of 27108787 and 62.
31
What is the highest common factor of 338 and 143895219?
169
What is the greatest common factor of 195459 and 2739?
33
Calculate the highest common divisor of 387 and 1194288063.
129
Calculate the highest common factor of 135473 and 977483.
221
Calculate the greatest common factor of 394890 and 37785.
15
What is the highest common factor of 568381 and 41239?
1793
Calculate the greatest common factor of 720723 and 1221.
111
Calculate the greatest common factor of 3068 and 5409828.
236
What is the greatest common factor of 558573450 and 35550?
11850
Calculate the greatest common divisor of 189 and 1089771.
3
Calculate the highest common divisor of 500984 and 99.
11
What is the greatest common divisor of 1156 and 1850518?
34
What is the greatest common factor of 13063344 and 5208?
168
What is the greatest common divisor of 11613 and 779177?
553
What is the highest common factor of 7420 and 206710?
70
What is the greatest common factor of 176146 and 68092?
58
Calculate the greatest common factor of 2629764 and 47464.
68
Calculate the highest common divisor of 23725 and 975572.
949
Calculate the highest common factor of 27104 and 15321504.
3872
What is the greatest common factor of 17148033 and 99?
9
Calculate the highest common factor of 28 and 149837744.
28
Calculate the greatest common factor of 15651 and 741924.
333
What is the greatest common divisor of 8008 and 4004546?
182
What is the greatest common factor of 147038 and 2?
2
What is the highest common factor of 51072 and 104937?
399
What is the highest common divisor of 28511696 and 32?
16
Calculate the highest common factor of 5930765 and 332.
83
Calculate the highest common factor of 1298 and 1322780.
118
What is the highest common divisor of 43 and 84274453?
43
Calculate the greatest common factor of 50 and 10502650.
50
Calculate the greatest common factor of 70271565 and 455.
455
Calculate the highest common factor of 260768 and 129224.
232
What is the greatest common divisor of 431 and 1262399?
431
What is the greatest common divisor of 97 and 42183360?
97
What is the highest common factor of 247845 and 5850?
195
What is the greatest common factor of 488801847 and 5871?
5871
Calculate the highest common divisor of 51084975 and 300.
75
Calculate the greatest common factor of 753 and 1097430483.
753
Calculate the greatest common divisor of 81 and 2853837.
9
Calculate the highest common divisor of 1018768 and 78392.
328
Calculate the highest common factor of 90 and 52370610.
30
What is the highest common divisor of 690 and 98359845?
345
What is the highest common factor of 246103543 and 952?
119
Calculate the greatest common factor of 290883 and 142269.
141
What is the highest common divisor of 18738105 and 1121?
59
Calculate the highest common factor of 282 and 18597759.
141
Calculate the highest common factor of 62527220 and 350.
70
What is the highest common divisor of 390285 and 177885?
2655
Calculate the highest common factor of 2877 and 157668.
21
What is the greatest common factor of 2378 and 16385609?
1189
Calculate the highest common divisor of 13906 and 5394710.
818
What is the greatest common factor of 3867521 and 343?
49
What is the greatest common factor of 5684 and 1273216?
5684
What is the highest common factor of 27102093 and 1369?
1369
What is the greatest common factor of 3463174 and 1144?
286
Calculate the highest common divisor of 11930036 and 1416.
236
What is the greatest common factor of 366 and 157314?
6
Calculate the greatest common divisor of 9136084 and 596.
596
What is the greatest common divisor of 20231795 and 45495?
1685
Calculate the highest common divisor of 707070 and 374654.
98
Calculate the greatest common factor of 294487960 and 520.
520
What is the highest common factor of 6474 and 414150?
6
What is the greatest common factor of 7054329 and 3?
3
Calculate the greatest common factor of 1820249910 and 90.
90
What is the greatest common divisor of 581 and 180523?
7
What is the greatest common divisor of 8008 and 66480414?
2002
What is the greatest common divisor of 15280 and 1985445?
955
What is the greatest common factor of 184 and 37762688?
184
Calculate the greatest common factor of 58 and 1129434.
58
Calculate the highest common divisor of 53339 and 170599.
143
Calculate the highest common divisor of 15455796 and 12.
12
What is the highest common factor of 184098924 and 36?
36
Calculate the highest common divisor of 44852850 and 381507.
10311
What is the highest common factor of 21762 and 261082?
62
Calculate the greatest common divisor of 58170364 and 37.
37
What is the greatest common divisor of 16646246 and 5289?
1763
What is the greatest common factor of 660851425 and 52?
13
Calculate the highest common factor of 135838344 and 24.
24
What is the highest common factor of 688634 and 28342?
766
What is the highest common factor of 15301 and 52195?
143
Calculate the greatest common divisor of 18873 and 1224.
9
What is the highest common divisor of 1902712 and 65392?
488
What is the highest common factor of 24752 and 15792?
112
Calculate the highest common divisor of 257339268 and 76.
76
What is the highest common factor of 10069478 and 1684?
842
Calculate the greatest common factor of 36 and 127548.
36
What is the highest common divisor of 14820 and 261885?
195
What is the highest common divisor of 14181 and 57768?
87
Calculate the highest common factor of 1424 and 14260648.
712
What is the greatest common divisor of 298355 and 405?
5
What is the greatest common divisor of 19782 and 30618?
126
Calculate the greatest common factor of 9376179 and 64263.
2073
What is the greatest common divisor of 8690 and 7430?
10
Calculate the greatest common divisor of 8793844 and 11890.
2378
Calculate the greatest common factor of 11 and 79078109.
11
Calculate the greatest common factor of 77737 and 14245.
407
What is the greatest common divisor of 28 and 44638244?
28
Calculate the greatest common divisor of 25733272 and 8.
8
Calculate the greatest common factor of 105832121 and 229.
229
What is the highest common divisor of 5 and 1287080?
5
What is the greatest common divisor of 352 and 84658288?
176
Calculate the highest common divisor of 300050 and 52700.
850
Calculate the greatest common divisor of 32782711 and 26.
13
Calculate the greatest common divisor of 88 and 87497509.
11
Calculate the highest common divisor of 2339525 and 425.
25
What is the highest common factor of 8867875 and 501725?
1525
Calculate the greatest common divisor of 9114925 and 645.
215
What is the greatest common factor of 3591 and 29477322?
1197
What is the highest common divisor of 1029966 and 1974?
42
What is the highest common factor of 449515 and 825?
55
What is the highest common divisor of 170 and 37681724?
34
What is the highest common divisor of 3103 and 17123531?
107
What is the highest common divisor of 655 and 93600941?
131
Calculate the greatest common divisor of 434 and 58853438.
434
Calculate the highest common factor of 816 and 381990.
102
Calculate the highest common divisor of 35045234 and 2394.
266
What is the highest common factor of 123822 and 16272?
18
What is the highest common divisor of 39382606 and 79?
79
Calculate the greatest common factor of 4552 and 277760764.
2276
Calculate the greatest common factor of 1302 and 15756804.
1302
Calculate the greatest common divisor of 1552098 and 2672.
334
What is the highest common factor of 188 and 4600313?
47
Calculate the greatest common divisor of 3066 and 340458860.
1022
Calculate the highest common factor of 12393336 and 94.
94
What is the highest common divisor of 9825099 and 8043?
1149
Calculate the highest common divisor of 66 and 189492.
6
What is the highest common factor of 15738394 and 279979?
5957
Calculate the highest common divisor of 6977475 and 72.
9
Calculate the greatest common divisor of 2208258980 and 1290.
430
What is the greatest common divisor of 2643204 and 51756?
228
What is the highest common factor of 360792 and 1125?
9
Cal